-4))/(-1)). Give r(a).
29
Let i(t) = 21*t**2 - 3 - t**3 + t**3 - 5*t - t**3 - 27*t**2. Give i(-3).
-15
Let l be (9/4)/9*0. Suppose 11*y - 15*y - 24 = l. Let d(h) = -h**2 - 5*h + 5. Calculate d(y).
-1
Suppose 2*i + 0 = 6. Let w(s) = s - 2. Let o(u) = -3*u + 5. Let l(g) = 2*o(g) + 7*w(g). Give l(i).
-1
Let f(z) be the second derivative of -z**3/2 - z**2 + 7*z. What is f(-2)?
4
Let p(l) = 1 + l - 6*l - l**2 - l**2 + l**2. Calculate p(-4).
5
Let i be 6/4*(-2 + 6). Let b(f) = 5*f - 2*f + f - i. Determine b(4).
10
Let w(s) = s**2 + s. Let n be w(-1). Suppose 54 = 11*r - 5*r. Let z(x) = -5 + r - 8*x + 7*x. What is z(n)?
4
Let q = -1 + -1. Let z(n) be the third derivative of n**7/2520 - n**6/360 - n**5/60 - n**4/8 - n**2. Let o(r) be the second derivative of z(r). Calculate o(q).
6
Suppose -2*a - 8 = 4*p + 4, -2*a + 5*p = -24. Let j(q) = -3*q**2 + 3*q - 2. Let y(f) = 7*f**2 - 7*f + 5. Let g(l) = a*y(l) + 5*j(l). Determine g(-1).
-2
Suppose -23*u - 15 = -28*u. Let s(l) = l**3 - 3*l**2 - l - 2. Give s(u).
-5
Suppose -3*x = -4*v + 19, -4*x - 17 = -v + 4*v. Let l be (1 - 4)/(0 + v). Let g(i) = -i + 4. Give g(l).
7
Let m(n) = -4*n**3 - 5*n**2 + n. Let h(s) = 2*s**3 + 4*s**2 - s. Let q(t) = -6*h(t) - 5*m(t). Determine q(-1).
-8
Let k(g) = -2*g - 1 - g**3 + 5*g**2 - g**2 + 2. What is k(4)?
-7
Let q(u) be the third derivative of -u**6/120 + u**5/15 + u**4/12 - u**3/6 + 23*u**2. Give q(4).
7
Let b = 1 - -1. Suppose 3*x - 2*o = 3 + 9, 0 = x + b*o + 4. Let g(i) = 3*i + 0*i - x*i - 1. Give g(1).
0
Suppose a = -a + 18. Let b = a - 5. Let m = b + -1. Let r(x) = x**2 - 2*x + 2. What is r(m)?
5
Let u(h) = h**3 - h - 1. Suppose 14 = -2*p - 5*x, -p + 2*x - 1 = -12. Suppose p*a - 3 = 3. Determine u(a).
5
Let q(p) be the first derivative of -p**6/120 + p**5/20 - p**4/24 - 2*p**3/3 - 5*p**2/2 + 4. Let w(t) be the second derivative of q(t). Calculate w(3).
-7
Let d(q) = -q + 7. Suppose z + 5*r - 32 = 0, -4*z + 2*r + 14 + 4 = 0. Calculate d(z).
0
Let r(p) = p**2 + p. Let u(j) = 5*j**2 - 2*j - 7. Let q(y) = 4*r(y) - u(y). Give q(6).
7
Suppose -12 = -5*b + u - 37, -b - 9 = -u. Let p(i) be the second derivative of i**4/12 + 2*i**3/3 + 20*i. Give p(b).
0
Let t(p) = 2*p**2 + 3*p + 3. Let v be t(-2). Suppose h = v*h. Let y(i) = 0*i - i**2 + 6 + 0*i + h*i. Calculate y(0).
6
Let z(j) = -j - 1 - 1 - j. Let h be 2*(14/4 + -2). Suppose -8 - 13 = 2*u + h*r, 5*r = -25. Give z(u).
4
Let h(r) = 3*r**2. Suppose -1 = i - 3. Let a(u) = -2*u + 3. Let p be a(i). Determine h(p).
3
Let u(f) = f**2 - 2*f - 2. Let z be (3/4)/(8/32). Let w be u(z). Let b(c) = 9*c**3 + 1. Calculate b(w).
10
Let a = 7 + -3. Suppose 2*y + 2 = 3*k - 4, -3*k + a*y = 0. Suppose t + k = -0. Let h(u) = u**3 + 3*u**2 - 2*u - 2. Give h(t).
-10
Suppose -n + 6*k = 3*k - 12, 2*n - 3 = -k. Let y be n + 3/(-3 - 0). Suppose -y*w - 12 = -4*w. Let r(m) = m - 10. Calculate r(w).
-4
Let t be (33/(-55))/(1/(-5)). Let p(n) = t + n + n**2 - 1 - 3. Give p(1).
1
Let g(s) be the second derivative of -s + 0 + s**2 - 1/2*s**3. Let y be ((-6)/(-8))/(39/(-24) - -2). Give g(y).
-4
Let h(z) = -3*z**3 - z**2 - 3*z + 4. Let o(k) = k**3 - k + 1. Let i(v) = h(v) - 3*o(v). Give i(-1).
6
Let d(y) = 5*y**2 + y - 8. Let v(u) = -u**2 - u + 1. Let z(c) = -d(c) - 4*v(c). Give z(5).
-6
Let c(b) = 1667*b - 1667*b + b**2. Let g be (-1)/(1 + 1 + -1). What is c(g)?
1
Let q(x) = x**2 - 5*x - 5. Let t(h) = h + 11. Let c be t(-8). Suppose k + k = v, -3*k = -2*v + c. Calculate q(v).
1
Let i(u) = 46*u - 1 + 46*u - u**3 - 94*u + 2*u**2. Give i(2).
-5
Suppose -7*k + 20 = -2*k. Let a(b) = -b - 1 + b - b + k. What is a(5)?
-2
Let j(t) be the first derivative of -t**2 + t + 1. Let k(p) = 2*p**3 - 2*p - 1. Let c be k(-1). What is j(c)?
3
Let q(o) = -2*o**2 - o**2 + 2*o**2 + 0*o**2. Calculate q(-2).
-4
Let x(i) = i**3 + 7*i**2 + 8*i + 5. Let u = -125 + 120. Determine x(u).
15
Let z(h) = -2*h - 1. Let g(a) = a**3 + a**3 + a - 5*a**3 - a**3. Let i be g(-1). Give z(i).
-7
Suppose -5*n - 8 = 7. Let w(t) = -t**2 - 2*t + 3. Determine w(n).
0
Let s(l) = l**3 - 5*l**2 + l - 1. Suppose 26 = 4*r - 3*d, -2*d = -0*r + 2*r - 6. Determine s(r).
4
Let b(o) = o**3 + 13*o - 5*o + 8*o**2 + 9 + 0*o**3. Let m(q) = q**3 - 10*q**2 + 22*q - 14. Let g be m(7). Give b(g).
2
Let j(s) = 2*s**3 + 13*s**2 - 9*s - 17. Let z(d) be the first derivative of -d**4/4 - 2*d**3 + 5*d**2/2 + 8*d - 3. Let r(c) = -2*j(c) - 5*z(c). Determine r(-5).
4
Let c(p) = p**3 - 2*p**2 - 2*p + 2. Let m = 3 + 3. Suppose -8*n = -11*n - m. What is c(n)?
-10
Let f(m) = -2*m**3 + 4*m**2 - 3. Let w be f(2). Let v(q) = 2*q - 2. Calculate v(w).
-8
Let q(m) be the third derivative of -m**4/12 - m**3/2 + 18*m**2. What is q(-3)?
3
Let d be 1*(1 + 3)/1. Let m(n) = -11*n**2 + 10*n - 9. Let s(p) = 5*p**2 - 5*p + 4. Let c(j) = -4*m(j) - 9*s(j). Calculate c(d).
4
Let s = 12 + -10. Let y(z) = z + s - 4*z - 4*z + 3 - z**2. What is y(-5)?
15
Let h(l) be the second derivative of 0 + 5/24*l**4 + l**2 - 1/60*l**5 - 1/2*l**3 + l. Let r(z) be the first derivative of h(z). Give r(3).
3
Let v(s) be the third derivative of s**6/360 + s**5/24 + s**4/8 - 4*s**2. Let l(o) be the second derivative of v(o). Suppose 4*w = w - 12. Give l(w).
-3
Let b(t) be the third derivative of t**4/24 - 5*t**3/3 - 14*t**2. Calculate b(5).
-5
Let q(g) be the third derivative of g**4/24 + g**3/3 + 4*g**2. Determine q(-4).
-2
Let l(f) = -2*f - 29. Let z(d) = -d - 14. Let n(c) = 3*l(c) - 7*z(c). Determine n(-8).
3
Let x be 11/3 - (-3)/9. Let l(z) be the second derivative of 1/3*z**3 + 0 - 3/2*z**2 - z. Determine l(x).
5
Let m(k) = k**2 - 3*k + 2. Suppose 0 = -2*g - 4*g - 60. Let h be (20/6)/(g/(-15)). Give m(h).
12
Let d(v) = -v**2 + v. Let s = 58 + -58. Determine d(s).
0
Let v be 94/(-18) + (-8)/(-36). Let g = -2 - v. Suppose 3*j + 4*d = -2, d + g = -j + 2*d. Let y(p) = -2*p**2 - p + 1. Determine y(j).
-5
Let l(k) = 2*k**3 + 2*k**2 - k + 1. Let t be (20/12 + 4/(-6))*-2. Determine l(t).
-5
Let w(q) = q**3 + 8*q**2 - 7*q + 10. Let c = 44 + -53. Give w(c).
-8
Let i be (-7 + (2 - -1))*-1. Suppose -4 = -0*y + i*y. Let r(d) = 3*d**2 + d + 1. Calculate r(y).
3
Let t(r) = -3*r**2 - 10*r - 1. Let j(c) = -2*c**2 - 11*c. Let w(b) = -b**2 - 5*b. Let u(f) = 2*j(f) - 5*w(f). Let v(x) = 3*t(x) + 8*u(x). What is v(-5)?
2
Let h(v) = -v**3 + 2*v**2 - 3*v + 1. Suppose -x + 0*d = 3*d - 5, -2*x - 4*d = -8. Determine h(x).
-5
Let x(n) = n - 9. Let g be x(10). Let s(v) = 3*v**2 + v. What is s(g)?
4
Let l(m) = m**3 + 3*m**2 - 3*m + 4. Let z be l(-4). Let f(a) be the second derivative of -a**4/12 + a**3/6 + 4*a**2 + 14*a. What is f(z)?
8
Let k(d) be the first derivative of d**2/2 + d - 2. Let s(y) = 4*y - 4*y**2 - 3*y + 2 - 1 - y**3 - 2*y. Let t be s(-4). What is k(t)?
6
Let u = 16 + -11. Suppose h - u = -4*g, -7 + 1 = -2*g - 4*h. Let s(c) = 0*c - 6*c - 1 + 0*c. Calculate s(g).
-7
Let s(o) = o**2 - 5*o - 3. Suppose -6*m + 21 = -2*m - 5*z, 3*m - z = 13. What is s(m)?
-7
Let n be (0 - -2)*(-9)/(-6). Suppose 6*i - n*i + 6 = -2*h, -2*h + 3*i = -6. Let j(b) = -b - 11. What is j(h)?
-11
Let x(b) = -2*b**2 + b - 4. Let p(l) = -2*l**2 + l - 3. Suppose 0 = -3*q + 52 - 43. Let h = -10 + 6. Let f(t) = h*p(t) + q*x(t). Determine f(-1).
3
Let t = 11 - 15. Let x be 10/(-45) + t/(-18). Suppose -v + 4*r = 3*v - 4, 4*v + 3*r - 32 = x. Let m(d) = -2*d + 3. Calculate m(v).
-7
Let n(i) be the third derivative of i**4/12 - i**3/6 - 2*i**2. Let z be 27/6 - 2/(-4). Suppose z*s + 2 - 22 = 0, -3*s - 3 = -3*c. Give n(c).
9
Let c(i) be the second derivative of -i**4/4 - i. Determine c(-1).
-3
Suppose u = -u + 5*q - 3, 2*u + q = 15. Let t(v) = 7*v**3 - v**2 - 8. Let y(p) = 6*p**3 - p - 8. Let o(h) = u*y(h) - 5*t(h). Give o(-6).
-8
Let u(t) = -3*t - 3. Let s be u(-2). Let d(n) = 3*n**3 - 2*n**2 + 2*n - 1. Let x be d(1). Let r(q) = -4 + 1 - q**2 + 2*q**s - 4*q + 2*q**x. Give r(-2).
-7
Let t = -5 + 12. Let d(y) = -y**2 + 6*y + 3. What is d(t)?
-4
Let r(l) be the first derivative of -4*l**3/3 - l**2 - 3*l + 21. Calculate r(-2).
-15
Let x(g) = -g**2 - 3*g - 7*g + 4*g - 2. Let z = 17 - 7. Suppose z*c + 12 = 8*c. Calculate x(c).
-2
Let q(z) = -9*z**3 - 3*z**2 - 4*z + 31. Let j(c) = -5*c**3 - c**2 - 2*c + 16. Let t(s) = 11*j(s) - 6*q(s). Determine t(7).
4
Let i(f) = -f**2 + f - 1. Let l(t) = -t**2 + 8*t - 9. Let y(n) = 2*i(n) - l(